{"id":37,"date":"2018-07-06T11:00:04","date_gmt":"2018-07-06T09:00:04","guid":{"rendered":"http:\/\/wp.unna-hypnose.de\/?page_id=37"},"modified":"2025-07-15T12:56:36","modified_gmt":"2025-07-15T10:56:36","slug":"kontakt-und-kosten","status":"publish","type":"page","link":"https:\/\/unna-hypnose.de\/?page_id=37","title":{"rendered":"Kontakt und Kosten"},"content":{"rendered":"<p style=\"font-weight: 400;\">Praxis-Adresse:<\/p>\n<p style=\"font-weight: 400;\">Walter &amp; B\u00e4rbel Gr\u00fctzner<\/p>\n<p style=\"font-weight: 400;\">Wibbeltstra\u00dfe 16<\/p>\n<p style=\"font-weight: 400;\">58730 Fr\u00f6ndenberg\/Ruhr<\/p>\n<p style=\"font-weight: 400;\">Telefon: 02378-867282<\/p>\n<p>Mail: walter.gruetzner@gmx.de<\/p>\n<p style=\"font-weight: 400;\">Kosten: Die psychotherapeutische Sprechstunde (50 Minuten) kostet 134,- Euro.<\/p>\n<p style=\"font-weight: 400;\">Die Hypnose- bzw. Hypnotherapie-Sitzung (50 Minuten) kostet 180,- Euro.<\/p>\n<p>Ein Paar- oder Familientherapeutischer Termin (50 Minuten) kostet 180,- Euro.<\/p>\n<p style=\"font-weight: 400;\">Hypnose und Paar- oder Familientherapie sind so genannte IGEL-Leistungen (individuelle Gesundheits-Leistungen). Eine Finanzierung \u00fcber die Krankenkassen ist nicht m\u00f6glich.<\/p>\n<p>Die Kosten\u00fcbernahme von tiefenpsychologisch fundierter Kinder- und Jugendlichenpsychotherapie (bis zur Vollendung des 21. Lebensjahres) erfolgt bei Walter Gr\u00fctzner in der Regel von privaten Krankenkassen und Beihilfe-Versicherungen.<\/p>\n<p>Als Selbstzahler jeden Alters sind Sie bei Walter und B\u00e4rbel Gr\u00fctzner ebenfalls herzlich willkommen.<\/p>\n<p>Walter Gr\u00fctzner bietet auch psychotherapeutische Termine bei Ihnen zu Hause an. Sollten Sie aus krankheitsbedingten oder anderen Umst\u00e4nden Ihr Zuhause nicht verlassen k\u00f6nnen oder wollen, so k\u00f6nnen Psychotherapie-Termine bei Ihnen daheim stattfinden. Fahrtzeiten werden zum normalen Stundensatz der psychotherapeutischen Sprechstunde abgerechnet.<\/p>\n<p>Die psychotherapeutische Sprechstunde bei B\u00e4rbel Gr\u00fctzner kostet 92,50 Euro (ausschlie\u00dflich Selbstzahler).<\/p>\n<p style=\"font-weight: 400;\">Die Kontaktaufnahme und Terminvergabe erfolgt per Telefon und in Ausnahmef\u00e4llen per mail.<\/p>\n<p style=\"font-weight: 400;\">Treffen Sie auf einen Anrufbeantworter, so hinterlassen Sie bitte Ihren Namen, Ihre R\u00fcckrufnummer und ggf. Zeiten, zu denen Sie gut erreichbar sind.<\/p>\n<p style=\"font-weight: 400;\">Die Privat-Praxis liegt gut erreichbar in Fr\u00f6ndenberg-Dellwig.<\/p>\n","protected":false},"excerpt":{"rendered":"<p>Praxis-Adresse: Walter &amp; B\u00e4rbel Gr\u00fctzner Wibbeltstra\u00dfe 16 58730 Fr\u00f6ndenberg\/Ruhr Telefon: 02378-867282 Mail: walter.gruetzner@gmx.de Kosten: Die psychotherapeutische Sprechstunde (50 Minuten) kostet 134,- Euro. Die Hypnose- bzw. Hypnotherapie-Sitzung (50 Minuten) kostet 180,- Euro. Ein Paar- oder Familientherapeutischer Termin (50 Minuten) kostet 180,- Euro. Hypnose und Paar- oder Familientherapie sind so genannte IGEL-Leistungen (individuelle Gesundheits-Leistungen). Eine Finanzierung \u00fcber die Krankenkassen ist nicht m\u00f6glich. Die Kosten\u00fcbernahme von tiefenpsychologisch fundierter Kinder- und Jugendlichenpsychotherapie (bis zur Vollendung des 21. Lebensjahres) erfolgt bei Walter Gr\u00fctzner in der Regel von privaten Krankenkassen und Beihilfe-Versicherungen. Als Selbstzahler jeden Alters sind Sie bei Walter und B\u00e4rbel Gr\u00fctzner ebenfalls herzlich willkommen. [&hellip;]<\/p>\n","protected":false},"author":1,"featured_media":0,"parent":0,"menu_order":0,"comment_status":"closed","ping_status":"closed","template":"page-sidebar.php","meta":{"footnotes":""},"class_list":["post-37","page","type-page","status-publish","hentry","wpbf-post"],"_links":{"self":[{"href":"https:\/\/unna-hypnose.de\/index.php?rest_route=\/wp\/v2\/pages\/37","targetHints":{"allow":["GET"]}}],"collection":[{"href":"https:\/\/unna-hypnose.de\/index.php?rest_route=\/wp\/v2\/pages"}],"about":[{"href":"https:\/\/unna-hypnose.de\/index.php?rest_route=\/wp\/v2\/types\/page"}],"author":[{"embeddable":true,"href":"https:\/\/unna-hypnose.de\/index.php?rest_route=\/wp\/v2\/users\/1"}],"replies":[{"embeddable":true,"href":"https:\/\/unna-hypnose.de\/index.php?rest_route=%2Fwp%2Fv2%2Fcomments&post=37"}],"version-history":[{"count":6,"href":"https:\/\/unna-hypnose.de\/index.php?rest_route=\/wp\/v2\/pages\/37\/revisions"}],"predecessor-version":[{"id":218,"href":"https:\/\/unna-hypnose.de\/index.php?rest_route=\/wp\/v2\/pages\/37\/revisions\/218"}],"wp:attachment":[{"href":"https:\/\/unna-hypnose.de\/index.php?rest_route=%2Fwp%2Fv2%2Fmedia&parent=37"}],"curies":[{"name":"wp","href":"https:\/\/api.w.org\/{rel}","templated":true}]}}